te number?
False
Is 1856821 prime?
True
Is 52889 composite?
False
Is 2480227 prime?
True
Is 9655 a composite number?
True
Is 48079 prime?
True
Is 893 a composite number?
True
Is 38747 a composite number?
False
Is 636043 a composite number?
False
Is 4201 prime?
True
Is 27329 prime?
True
Is 167557 a prime number?
False
Is 4703 a composite number?
False
Is 388621 a prime number?
True
Is 1105109 a composite number?
False
Is 3299 composite?
False
Is 46489 prime?
True
Is 17231 composite?
False
Is 102683 composite?
True
Is 112687 prime?
True
Is 8263 prime?
True
Is 4757 composite?
True
Is 72101 a composite number?
False
Is 5353 prime?
False
Is 42221 composite?
False
Is 87881 a composite number?
False
Is 226181 prime?
False
Is 880615 prime?
False
Is 1847 a composite number?
False
Is 80686 a composite number?
True
Is 629 a prime number?
False
Is 41767 a prime number?
False
Is 269851 prime?
True
Is 1162153 prime?
False
Is 1039 composite?
False
Is 141397 a composite number?
False
Is 55763 a composite number?
False
Is 108937 a composite number?
True
Is 967 prime?
True
Is 228097 a prime number?
True
Is 228518 a composite number?
True
Is 24593 a prime number?
True
Is 41711 prime?
False
Is 114151 a composite number?
True
Is 2138 composite?
True
Is 3637 a prime number?
True
Is 74353 prime?
True
Is 6521 a composite number?
False
Is 135637 a prime number?
True
Is 72211 composite?
False
Is 564505 composite?
True
Is 32117 a prime number?
True
Is 717883 composite?
False
Is 67901 a prime number?
True
Is 218453 prime?
True
Is 161039 a prime number?
True
Is 993 a prime number?
False
Is 451 a composite number?
True
Is 20993 prime?
False
Is 437026 prime?
False
Is 175141 a prime number?
True
Is 78691 a prime number?
True
Is 14923 a prime number?
True
Is 615799 a composite number?
False
Is 7039 prime?
True
Is 117263 a composite number?
True
Is 565109 a composite number?
False
Is 7819 composite?
True
Is 781 prime?
False
Is 46223 a prime number?
False
Is 219074 a composite number?
True
Is 1978087 a composite number?
False
Is 131609 composite?
True
Is 81817 prime?
True
Is 20949 prime?
False
Is 184537 a composite number?
True
Is 1961 prime?
False
Is 939167 prime?
True
Is 30931 composite?
False
Is 249703 a composite number?
False
Is 23189 composite?
False
Is 1452337 a prime number?
False
Is 395 prime?
False
Is 197101 prime?
True
Is 7271 composite?
True
Is 31241 composite?
True
Is 123323 a composite number?
False
Is 350503 a prime number?
True
Is 282757 composite?
True
Is 27413 a composite number?
True
Is 4327 a composite number?
False
Is 46381 a prime number?
True
Is 4121 composite?
True
Is 1947395 prime?
False
Is 90667 a prime number?
False
Is 22459 a prime number?
False
Is 82595 a prime number?
False
Is 174101 a composite number?
False
Is 405485 a composite number?
True
Is 968249 composite?
True
Is 5141 prime?
False
Is 125183 prime?
True
Is 4441 a composite number?
False
Is 30359 a prime number?
False
Is 5539253 a composite number?
False
Is 448769 a composite number?
False
Is 58427 a composite number?
False
Is 1798021 a prime number?
True
Is 118493 prime?
True
Is 34 prime?
False
Is 816643 a composite number?
True
Is 4618 composite?
True
Is 43879 composite?
True
Is 19882 a composite number?
True
Is 407051 composite?
True
Is 31207 a composite number?
True
Is 2036861 composite?
False
Is 1007077 composite?
True
Is 126817 composite?
True
Is 945409 prime?
True
Is 184409 a prime number?
True
Is 103 a prime number?
True
Is 5017 a prime number?
False
Is 199337 a prime number?
True
Is 492601 composite?
False
Is 7051 a composite number?
True
Is 239885 prime?
False
Is 13947 composite?
True
Is 10727 a composite number?
True
Is 267361 a composite number?
True
Is 34583 a composite number?
False
Is 467 a prime number?
True
Is 1379 a composite number?
True
Is 478523 a prime number?
True
Is 1117 a composite number?
False
Is 91209 a prime number?
False
Is 631 composite?
False
Is 180755 prime?
False
Is 109195 a prime number?
False
Is 9689 a composite number?
False
Is 3863 a prime number?
True
Is 1529 a composite number?
True
Is 16991 a prime number?
False
Is 1112422 a prime number?
False
Is 169462 a composite number?
True
Is 250293 a composite number?
True
Is 98045 prime?
False
Is 2119 a composite number?
True
Is 47563 a composite number?
False
Is 137653 composite?
False
Is 6697 composite?
True
Is 28181 a composite number?
False
Is 687835 a composite number?
True
Is 77761 a composite number?
False
Is 140111 a composite number?
False
Is 2159 a composite number?
True
Is 24313 a prime number?
False
Is 35635 composite?
True
Is 14767 a prime number?
True
Is 27989 a composite number?
True
Is 562043 a prime number?
True
Is 124171 a prime number?
True
Is 2063249 prime?
True
Is 67939 a prime number?
True
Is 380909 composite?
False
Is 129443 a composite number?
False
Is 92515 a composite number?
True
Is 117659 composite?
False
Is 4751 a composite number?
False
Is 28979 composite?
False
Is 17543 a prime number?
False
Is 6866 composite?
True
Is 11113 prime?
True
Is 169079 composite?
False
Is 139 a composite number?
False
Is 9143 a prime number?
False
Is 58679 a composite number?
False
Is 52783 composite?
False
Is 584339 prime?
False
Is 82457 composite?
False
Is 62179 prime?
False
Is 1427479 composite?
False
Is 18727 composite?
True
Is 2699 prime?
True
Is 12671 composite?
False
Is 7817 a composite number?
False
Is 11003 a prime number?
True
Is 27933 a composite number?
True
Is 19187 composite?
True
Is 11797 prime?
False
Is 92773 composite?
True
Is 29983 composite?
False
Is 28201 prime?
True
Is 130191 prime?
False
Is 16619 prime?
True
Is 23251 a composite number?
False
Is 12381 composite?
True
Is 5981 prime?
True
Is 1468079 a composite number?
False
Is 13781 composite?
False
Is 2395 composite?
True
Is 101309 a composite number?
True
Is 248227 a prime number?
False
Is 106703 composite?
False
Is 11993 composite?
True
Is 218779 composite?
True
Is 23099 prime?
True
Is 31819 composite?
True
Is 141965 a prime number?
False
Is 25427 composite?
True
Is 466187 composite?
True
Is 279283 a composite number?
True
Is 134747 a prime number?
False
Is 2983 a prime number?
False
Is 27673 a composite number?
False
Is 1061023 a prime number?
False
Is 246219 prime?
False
Is 20323 a composite number?
False
Is 265079 a composite number?
False
Is 816631 a composite number?
True
Is 345613 composite?
True
Is 4433971 prime?
True
Is 3643 a prime number?
True
Is 6326 a prime number?
False
Is 532991 a prime number?
False
Is 16589 composite?
True
Is 126889 a prime number?
False
Is 81817 prime?
True
Is 1371 a prime number?
False
Is 1373 a prime number?
True
Is 85147 composite?
False
Is 46393 composite?
True
Is 131489 a prime number?
True
Is 153661 prime?
False
Is 116903 a prime number?
True
Is 12799 composite?
False
Is 576287 prime?
True
Is 229237 a composite number?
False
Is 12569 composite?
False
Is 3116467 a composite number?
True
Is 46715 a prime number?
False
Is 163499 composite?
True
Is 5587 a composite number?
True
Is 412651 a composite number?
False
Is 4387 prime?
False
Is 398657 composite?
True
Is 75893 composite?
True
Is 5017 prime?
False
Is 87277 prime?
True
Is 2333 composite?
False
Is 5177 a composite number?
True
Is 63077 a composite number?
True
Is 7393 a prime number?
True
Is 160201 composite?
False
Is 1693 a composite number?
False
Is 647 prime?
True
Is 65321 composite?
True
Is 6119 a prime number?
False
Is 8101 composite?
False
Is 28895 composite?
True
Is 639833 a composite number?
False
Is 19945 composite?
True
Is 2759 prime?
False
Is 2707 composite?
False
Is 6863 prime?
True
Is 10133 composite?
False
Is 2511911 a composite number?
False
Is 49229 a composite number?
True
Is 1176779 prime?
True
Is 1032167 composite?
True
Is 2026 prime?
False
Is 22241 a composite number?
True
Is 848051 composite?
False
Is 1017789 prime?
False
Is 31627 prime?
True
Is 90467 composite?
True
Is 22961 prime?
True
Is 6033 prime?
False
Is 194569 prime?
True
Is 55018 a composite number?
True
Is 32111 prime?
False
Is 10661 a prime number?
False
Is 109 a composite number?
False
Is 793977 a composite number?
True
Is 6373 a prime number?
True
Is 2957 composite?
False
Is 10817 composite?
True
Is 19937 a prime number?
True
Is 36833 a composite numb